{"id":10384,"date":"2020-03-18T23:17:19","date_gmt":"2020-03-18T21:17:19","guid":{"rendered":"https:\/\/sunranxx.com\/participant\/jordi-comerma-musico\/"},"modified":"2020-06-26T11:53:58","modified_gmt":"2020-06-26T09:53:58","slug":"jordi-comerma-musico","status":"publish","type":"dt_portfolios","link":"https:\/\/sunranxx.com\/es\/participant\/jordi-comerma-musico\/","title":{"rendered":"Jordi Comerma (m\u00fasico)"},"content":{"rendered":"\n<p>Todos buscamos al final del d\u00eda, entre lo que nos ha quedado entero, donde ha quedado el rastro de nuestra esencia, la hora en que todo es posible, en que el acto inquebrantable de construir emociones se hace real, los segundos se alargan un poco m\u00e1s y all\u00ed en el espacio que nos separa y nos une, en la magia de un acuerdo en el que yo puedo ser t\u00fa si quieres, para que t\u00fa y yo tenemos la piel cosida a canciones &#8230; El \u00fanico que puedo garantizar como escritor de canciones es la conciencia de que el templo de la vida es la palabra y el compromiso de velar y custodiar un tesoro invisible que ya no implica a uno mismo sino a todo el mundo que quiere o\u00edr, patrimonio de todos, incluso todo de quien lo desconoce.<\/p>\n","protected":false},"featured_media":10382,"comment_status":"open","ping_status":"closed","template":"","portfolio_entries":[54,90,96],"portfolio_tags":[],"class_list":["post-10384","dt_portfolios","type-dt_portfolios","status-publish","has-post-thumbnail","hentry","portfolio_entries-artista-es","portfolio_entries-artistas-car-edition","portfolio_entries-artistas-musicales"],"yoast_head":"<!-- This site is optimized with the Yoast SEO plugin v27.4 - https:\/\/yoast.com\/product\/yoast-seo-wordpress\/ -->\n<title>Cantautor y guitarrista Jordi Comerma el Festival Art\u00edstico SUNRANXX<\/title>\n<meta name=\"description\" content=\"No se pierdan la actuaci\u00f3n de Jordi Comerma en el escenario principal del Festival Art\u00edstico y gastron\u00f3mico SunRanxx. Desc\u00fabrelo!\" \/>\n<meta name=\"robots\" content=\"noindex, follow\" \/>\n<meta property=\"og:locale\" content=\"es_ES\" \/>\n<meta property=\"og:type\" content=\"article\" \/>\n<meta property=\"og:title\" content=\"Cantautor y guitarrista Jordi Comerma el Festival Art\u00edstico SUNRANXX\" \/>\n<meta property=\"og:description\" content=\"No se pierdan la actuaci\u00f3n de Jordi Comerma en el escenario principal del Festival Art\u00edstico y gastron\u00f3mico SunRanxx. Desc\u00fabrelo!\" \/>\n<meta property=\"og:url\" content=\"https:\/\/sunranxx.com\/es\/participant\/jordi-comerma-musico\/\" \/>\n<meta property=\"og:site_name\" content=\"Sunranxx\" \/>\n<meta property=\"article:modified_time\" content=\"2020-06-26T09:53:58+00:00\" \/>\n<meta property=\"og:image\" content=\"https:\/\/sunranxx.com\/wp-content\/uploads\/2020\/03\/12119941_10207909834812550_449054070812193511_o.jpg\" \/>\n\t<meta property=\"og:image:width\" content=\"960\" \/>\n\t<meta property=\"og:image:height\" content=\"960\" \/>\n\t<meta property=\"og:image:type\" content=\"image\/jpeg\" \/>\n<meta name=\"twitter:card\" content=\"summary_large_image\" \/>\n<meta name=\"twitter:label1\" content=\"Tiempo de lectura\" \/>\n\t<meta name=\"twitter:data1\" content=\"1 minuto\" \/>\n<script type=\"application\/ld+json\" class=\"yoast-schema-graph\">{\"@context\":\"https:\\\/\\\/schema.org\",\"@graph\":[{\"@type\":\"WebPage\",\"@id\":\"https:\\\/\\\/sunranxx.com\\\/es\\\/participant\\\/jordi-comerma-musico\\\/\",\"url\":\"https:\\\/\\\/sunranxx.com\\\/es\\\/participant\\\/jordi-comerma-musico\\\/\",\"name\":\"Cantautor y guitarrista Jordi Comerma el Festival Art\u00edstico SUNRANXX\",\"isPartOf\":{\"@id\":\"https:\\\/\\\/sunranxx.com\\\/es\\\/#website\"},\"primaryImageOfPage\":{\"@id\":\"https:\\\/\\\/sunranxx.com\\\/es\\\/participant\\\/jordi-comerma-musico\\\/#primaryimage\"},\"image\":{\"@id\":\"https:\\\/\\\/sunranxx.com\\\/es\\\/participant\\\/jordi-comerma-musico\\\/#primaryimage\"},\"thumbnailUrl\":\"https:\\\/\\\/sunranxx.com\\\/wp-content\\\/uploads\\\/2020\\\/03\\\/12119941_10207909834812550_449054070812193511_o.jpg\",\"datePublished\":\"2020-03-18T21:17:19+00:00\",\"dateModified\":\"2020-06-26T09:53:58+00:00\",\"description\":\"No se pierdan la actuaci\u00f3n de Jordi Comerma en el escenario principal del Festival Art\u00edstico y gastron\u00f3mico SunRanxx. Desc\u00fabrelo!\",\"breadcrumb\":{\"@id\":\"https:\\\/\\\/sunranxx.com\\\/es\\\/participant\\\/jordi-comerma-musico\\\/#breadcrumb\"},\"inLanguage\":\"es\",\"potentialAction\":[{\"@type\":\"ReadAction\",\"target\":[\"https:\\\/\\\/sunranxx.com\\\/es\\\/participant\\\/jordi-comerma-musico\\\/\"]}]},{\"@type\":\"ImageObject\",\"inLanguage\":\"es\",\"@id\":\"https:\\\/\\\/sunranxx.com\\\/es\\\/participant\\\/jordi-comerma-musico\\\/#primaryimage\",\"url\":\"https:\\\/\\\/sunranxx.com\\\/wp-content\\\/uploads\\\/2020\\\/03\\\/12119941_10207909834812550_449054070812193511_o.jpg\",\"contentUrl\":\"https:\\\/\\\/sunranxx.com\\\/wp-content\\\/uploads\\\/2020\\\/03\\\/12119941_10207909834812550_449054070812193511_o.jpg\",\"width\":960,\"height\":960},{\"@type\":\"BreadcrumbList\",\"@id\":\"https:\\\/\\\/sunranxx.com\\\/es\\\/participant\\\/jordi-comerma-musico\\\/#breadcrumb\",\"itemListElement\":[{\"@type\":\"ListItem\",\"position\":1,\"name\":\"Inici\",\"item\":\"https:\\\/\\\/sunranxx.com\\\/es\\\/home-esp\\\/\"},{\"@type\":\"ListItem\",\"position\":2,\"name\":\"Participa\",\"item\":\"https:\\\/\\\/sunranxx.com\\\/es\\\/participant\\\/\"},{\"@type\":\"ListItem\",\"position\":3,\"name\":\"Jordi Comerma (m\u00fasico)\"}]},{\"@type\":\"WebSite\",\"@id\":\"https:\\\/\\\/sunranxx.com\\\/es\\\/#website\",\"url\":\"https:\\\/\\\/sunranxx.com\\\/es\\\/\",\"name\":\"Sunranxx\",\"description\":\"Per escapar de la monotonia i ens deixem sorprendre sensorialment.\",\"publisher\":{\"@id\":\"https:\\\/\\\/sunranxx.com\\\/es\\\/#organization\"},\"potentialAction\":[{\"@type\":\"SearchAction\",\"target\":{\"@type\":\"EntryPoint\",\"urlTemplate\":\"https:\\\/\\\/sunranxx.com\\\/es\\\/?s={search_term_string}\"},\"query-input\":{\"@type\":\"PropertyValueSpecification\",\"valueRequired\":true,\"valueName\":\"search_term_string\"}}],\"inLanguage\":\"es\"},{\"@type\":\"Organization\",\"@id\":\"https:\\\/\\\/sunranxx.com\\\/es\\\/#organization\",\"name\":\"Sunranxx\",\"url\":\"https:\\\/\\\/sunranxx.com\\\/es\\\/\",\"logo\":{\"@type\":\"ImageObject\",\"inLanguage\":\"es\",\"@id\":\"https:\\\/\\\/sunranxx.com\\\/es\\\/#\\\/schema\\\/logo\\\/image\\\/\",\"url\":\"https:\\\/\\\/sunranxx.com\\\/wp-content\\\/uploads\\\/2020\\\/04\\\/ranxx-group.jpg\",\"contentUrl\":\"https:\\\/\\\/sunranxx.com\\\/wp-content\\\/uploads\\\/2020\\\/04\\\/ranxx-group.jpg\",\"width\":960,\"height\":960,\"caption\":\"Sunranxx\"},\"image\":{\"@id\":\"https:\\\/\\\/sunranxx.com\\\/es\\\/#\\\/schema\\\/logo\\\/image\\\/\"}}]}<\/script>\n<!-- \/ Yoast SEO plugin. -->","yoast_head_json":{"title":"Cantautor y guitarrista Jordi Comerma el Festival Art\u00edstico SUNRANXX","description":"No se pierdan la actuaci\u00f3n de Jordi Comerma en el escenario principal del Festival Art\u00edstico y gastron\u00f3mico SunRanxx. Desc\u00fabrelo!","robots":{"index":"noindex","follow":"follow"},"og_locale":"es_ES","og_type":"article","og_title":"Cantautor y guitarrista Jordi Comerma el Festival Art\u00edstico SUNRANXX","og_description":"No se pierdan la actuaci\u00f3n de Jordi Comerma en el escenario principal del Festival Art\u00edstico y gastron\u00f3mico SunRanxx. Desc\u00fabrelo!","og_url":"https:\/\/sunranxx.com\/es\/participant\/jordi-comerma-musico\/","og_site_name":"Sunranxx","article_modified_time":"2020-06-26T09:53:58+00:00","og_image":[{"width":960,"height":960,"url":"https:\/\/sunranxx.com\/wp-content\/uploads\/2020\/03\/12119941_10207909834812550_449054070812193511_o.jpg","type":"image\/jpeg"}],"twitter_card":"summary_large_image","twitter_misc":{"Tiempo de lectura":"1 minuto"},"schema":{"@context":"https:\/\/schema.org","@graph":[{"@type":"WebPage","@id":"https:\/\/sunranxx.com\/es\/participant\/jordi-comerma-musico\/","url":"https:\/\/sunranxx.com\/es\/participant\/jordi-comerma-musico\/","name":"Cantautor y guitarrista Jordi Comerma el Festival Art\u00edstico SUNRANXX","isPartOf":{"@id":"https:\/\/sunranxx.com\/es\/#website"},"primaryImageOfPage":{"@id":"https:\/\/sunranxx.com\/es\/participant\/jordi-comerma-musico\/#primaryimage"},"image":{"@id":"https:\/\/sunranxx.com\/es\/participant\/jordi-comerma-musico\/#primaryimage"},"thumbnailUrl":"https:\/\/sunranxx.com\/wp-content\/uploads\/2020\/03\/12119941_10207909834812550_449054070812193511_o.jpg","datePublished":"2020-03-18T21:17:19+00:00","dateModified":"2020-06-26T09:53:58+00:00","description":"No se pierdan la actuaci\u00f3n de Jordi Comerma en el escenario principal del Festival Art\u00edstico y gastron\u00f3mico SunRanxx. Desc\u00fabrelo!","breadcrumb":{"@id":"https:\/\/sunranxx.com\/es\/participant\/jordi-comerma-musico\/#breadcrumb"},"inLanguage":"es","potentialAction":[{"@type":"ReadAction","target":["https:\/\/sunranxx.com\/es\/participant\/jordi-comerma-musico\/"]}]},{"@type":"ImageObject","inLanguage":"es","@id":"https:\/\/sunranxx.com\/es\/participant\/jordi-comerma-musico\/#primaryimage","url":"https:\/\/sunranxx.com\/wp-content\/uploads\/2020\/03\/12119941_10207909834812550_449054070812193511_o.jpg","contentUrl":"https:\/\/sunranxx.com\/wp-content\/uploads\/2020\/03\/12119941_10207909834812550_449054070812193511_o.jpg","width":960,"height":960},{"@type":"BreadcrumbList","@id":"https:\/\/sunranxx.com\/es\/participant\/jordi-comerma-musico\/#breadcrumb","itemListElement":[{"@type":"ListItem","position":1,"name":"Inici","item":"https:\/\/sunranxx.com\/es\/home-esp\/"},{"@type":"ListItem","position":2,"name":"Participa","item":"https:\/\/sunranxx.com\/es\/participant\/"},{"@type":"ListItem","position":3,"name":"Jordi Comerma (m\u00fasico)"}]},{"@type":"WebSite","@id":"https:\/\/sunranxx.com\/es\/#website","url":"https:\/\/sunranxx.com\/es\/","name":"Sunranxx","description":"Per escapar de la monotonia i ens deixem sorprendre sensorialment.","publisher":{"@id":"https:\/\/sunranxx.com\/es\/#organization"},"potentialAction":[{"@type":"SearchAction","target":{"@type":"EntryPoint","urlTemplate":"https:\/\/sunranxx.com\/es\/?s={search_term_string}"},"query-input":{"@type":"PropertyValueSpecification","valueRequired":true,"valueName":"search_term_string"}}],"inLanguage":"es"},{"@type":"Organization","@id":"https:\/\/sunranxx.com\/es\/#organization","name":"Sunranxx","url":"https:\/\/sunranxx.com\/es\/","logo":{"@type":"ImageObject","inLanguage":"es","@id":"https:\/\/sunranxx.com\/es\/#\/schema\/logo\/image\/","url":"https:\/\/sunranxx.com\/wp-content\/uploads\/2020\/04\/ranxx-group.jpg","contentUrl":"https:\/\/sunranxx.com\/wp-content\/uploads\/2020\/04\/ranxx-group.jpg","width":960,"height":960,"caption":"Sunranxx"},"image":{"@id":"https:\/\/sunranxx.com\/es\/#\/schema\/logo\/image\/"}}]}},"_links":{"self":[{"href":"https:\/\/sunranxx.com\/es\/wp-json\/wp\/v2\/dt_portfolios\/10384","targetHints":{"allow":["GET"]}}],"collection":[{"href":"https:\/\/sunranxx.com\/es\/wp-json\/wp\/v2\/dt_portfolios"}],"about":[{"href":"https:\/\/sunranxx.com\/es\/wp-json\/wp\/v2\/types\/dt_portfolios"}],"replies":[{"embeddable":true,"href":"https:\/\/sunranxx.com\/es\/wp-json\/wp\/v2\/comments?post=10384"}],"version-history":[{"count":2,"href":"https:\/\/sunranxx.com\/es\/wp-json\/wp\/v2\/dt_portfolios\/10384\/revisions"}],"predecessor-version":[{"id":11439,"href":"https:\/\/sunranxx.com\/es\/wp-json\/wp\/v2\/dt_portfolios\/10384\/revisions\/11439"}],"wp:featuredmedia":[{"embeddable":true,"href":"https:\/\/sunranxx.com\/es\/wp-json\/wp\/v2\/media\/10382"}],"wp:attachment":[{"href":"https:\/\/sunranxx.com\/es\/wp-json\/wp\/v2\/media?parent=10384"}],"wp:term":[{"taxonomy":"portfolio_entries","embeddable":true,"href":"https:\/\/sunranxx.com\/es\/wp-json\/wp\/v2\/portfolio_entries?post=10384"},{"taxonomy":"portfolio_tags","embeddable":true,"href":"https:\/\/sunranxx.com\/es\/wp-json\/wp\/v2\/portfolio_tags?post=10384"}],"curies":[{"name":"wp","href":"https:\/\/api.w.org\/{rel}","templated":true}]}}

Jordi Comerma (músico)

<p>Todos buscamos al final del día, entre lo que nos ha quedado entero, donde ha quedado el rastro de nuestra esencia, la hora en que todo es posible, en que el acto inquebrantable de construir emociones se hace real, los segundos se alargan un poco más y allí en el espacio que nos separa y nos une, en la magia de un acuerdo en el que yo puedo ser tú si quieres, para que tú y yo tenemos la piel cosida a canciones &#8230; El único que puedo garantizar como escritor de canciones es la conciencia de que el templo de la vida es la palabra y el compromiso de velar y custodiar un tesoro invisible que ya no implica a uno mismo sino a todo el mundo que quiere oír, patrimonio de todos, incluso todo de quien lo desconoce.</p>

<!-- This site is optimized with the Yoast SEO plugin v27.4 - https://yoast.com/product/yoast-seo-wordpress/ -->
<title>Cantautor y guitarrista Jordi Comerma el Festival Artístico SUNRANXX</title>
<meta name="description" content="No se pierdan la actuación de Jordi Comerma en el escenario principal del Festival Artístico y gastronómico SunRanxx. Descúbrelo!" />
<meta name="robots" content="noindex, follow" />
<meta property="og:locale" content="es_ES" />
<meta property="og:type" content="article" />
<meta property="og:title" content="Cantautor y guitarrista Jordi Comerma el Festival Artístico SUNRANXX" />
<meta property="og:description" content="No se pierdan la actuación de Jordi Comerma en el escenario principal del Festival Artístico y gastronómico SunRanxx. Descúbrelo!" />
<meta property="og:url" content="https://sunranxx.com/es/participant/jordi-comerma-musico/" />
<meta property="og:site_name" content="Sunranxx" />
<meta property="article:modified_time" content="2020-06-26T09:53:58+00:00" />
<meta property="og:image" content="https://sunranxx.com/wp-content/uploads/2020/03/12119941_10207909834812550_449054070812193511_o.jpg" />
	<meta property="og:image:width" content="960" />
	<meta property="og:image:height" content="960" />
	<meta property="og:image:type" content="image/jpeg" />
<meta name="twitter:card" content="summary_large_image" />
<meta name="twitter:label1" content="Tiempo de lectura" />
	<meta name="twitter:data1" content="1 minuto" />
<script type="application/ld+json" class="yoast-schema-graph">{"@context":"https:\/\/schema.org","@graph":[{"@type":"WebPage","@id":"https:\/\/sunranxx.com\/es\/participant\/jordi-comerma-musico\/","url":"https:\/\/sunranxx.com\/es\/participant\/jordi-comerma-musico\/","name":"Cantautor y guitarrista Jordi Comerma el Festival Artístico SUNRANXX","isPartOf":{"@id":"https:\/\/sunranxx.com\/es\/#website"},"primaryImageOfPage":{"@id":"https:\/\/sunranxx.com\/es\/participant\/jordi-comerma-musico\/#primaryimage"},"image":{"@id":"https:\/\/sunranxx.com\/es\/participant\/jordi-comerma-musico\/#primaryimage"},"thumbnailUrl":"https:\/\/sunranxx.com\/wp-content\/uploads\/2020\/03\/12119941_10207909834812550_449054070812193511_o.jpg","datePublished":"2020-03-18T21:17:19+00:00","dateModified":"2020-06-26T09:53:58+00:00","description":"No se pierdan la actuación de Jordi Comerma en el escenario principal del Festival Artístico y gastronómico SunRanxx. Descúbrelo!","breadcrumb":{"@id":"https:\/\/sunranxx.com\/es\/participant\/jordi-comerma-musico\/#breadcrumb"},"inLanguage":"es","potentialAction":[{"@type":"ReadAction","target":["https:\/\/sunranxx.com\/es\/participant\/jordi-comerma-musico\/"]}]},{"@type":"ImageObject","inLanguage":"es","@id":"https:\/\/sunranxx.com\/es\/participant\/jordi-comerma-musico\/#primaryimage","url":"https:\/\/sunranxx.com\/wp-content\/uploads\/2020\/03\/12119941_10207909834812550_449054070812193511_o.jpg","contentUrl":"https:\/\/sunranxx.com\/wp-content\/uploads\/2020\/03\/12119941_10207909834812550_449054070812193511_o.jpg","width":960,"height":960},{"@type":"BreadcrumbList","@id":"https:\/\/sunranxx.com\/es\/participant\/jordi-comerma-musico\/#breadcrumb","itemListElement":[{"@type":"ListItem","position":1,"name":"Inici","item":"https:\/\/sunranxx.com\/es\/home-esp\/"},{"@type":"ListItem","position":2,"name":"Participa","item":"https:\/\/sunranxx.com\/es\/participant\/"},{"@type":"ListItem","position":3,"name":"Jordi Comerma (músico)"}]},{"@type":"WebSite","@id":"https:\/\/sunranxx.com\/es\/#website","url":"https:\/\/sunranxx.com\/es\/","name":"Sunranxx","description":"Per escapar de la monotonia i ens deixem sorprendre sensorialment.","publisher":{"@id":"https:\/\/sunranxx.com\/es\/#organization"},"potentialAction":[{"@type":"SearchAction","target":{"@type":"EntryPoint","urlTemplate":"https:\/\/sunranxx.com\/es\/?s={search_term_string}"},"query-input":{"@type":"PropertyValueSpecification","valueRequired":true,"valueName":"search_term_string"}}],"inLanguage":"es"},{"@type":"Organization","@id":"https:\/\/sunranxx.com\/es\/#organization","name":"Sunranxx","url":"https:\/\/sunranxx.com\/es\/","logo":{"@type":"ImageObject","inLanguage":"es","@id":"https:\/\/sunranxx.com\/es\/#\/schema\/logo\/image\/","url":"https:\/\/sunranxx.com\/wp-content\/uploads\/2020\/04\/ranxx-group.jpg","contentUrl":"https:\/\/sunranxx.com\/wp-content\/uploads\/2020\/04\/ranxx-group.jpg","width":960,"height":960,"caption":"Sunranxx"},"image":{"@id":"https:\/\/sunranxx.com\/es\/#\/schema\/logo\/image\/"}}]}</script>
<!-- / Yoast SEO plugin. -->

Cantautor y guitarrista Jordi Comerma el Festival Artístico SUNRANXX

No se pierdan la actuación de Jordi Comerma en el escenario principal del Festival Artístico y gastronómico SunRanxx. Descúbrelo!
